2. What is l(48)?
0
Let q(c) = 70*c**2 - 199*c - 768. Determine q(5).
-13
Let o(i) = -i**3 + 4433*i**2 - 74920*i - 2580. Determine o(17).
4
Let r(m) = 3*m**2 + 785*m + 1319. What is r(-262)?
1581
Let m(z) = 4975*z - 34816. Determine m(7).
9
Let x(a) = a**3 - 396*a**2 - 5262*a - 22498. Give x(409).
-3
Let g(h) = 3*h**2 + 211*h + 4711. Calculate g(-55).
2181
Let u(h) = h**3 + 54*h**2 - 288*h - 166. Calculate u(-59).
-579
Let j(t) = t**2 + 11*t - 3185. Give j(63).
1477
Let r(o) = o**2 + 402*o + 8726. Calculate r(-379).
9
Let h(d) = d**3 - 14*d**2 - 11*d + 222. Calculate h(14).
68
Let g(v) = -2*v**2 + 17111*v + 274279. Determine g(-16).
-9
Let p(z) = -z**3 - 94*z**2 + 4179*z - 1528. Determine p(-127).
-4
Let r(g) = g**3 - 66*g**2 - 348*g - 506. Determine r(71).
-9
Let q(v) = -2*v**3 - 147*v**2 + 2825*v + 203571. Determine q(-74).
-3
Let b(s) = -26718*s + 4355032. Determine b(163).
-2
Let s(m) = -m**3 - 10*m**2 + 640*m - 4217. What is s(9)?
4
Let u(z) = 53861*z - 323434. Give u(6).
-268
Let a(i) = -146*i + 3728. Determine a(25).
78
Let h(b) = 14*b**3 + 70*b**2 - 390*b - 1961. Determine h(-5).
-11
Let u(g) = 409*g + 3110. Determine u(-4).
1474
Let t(d) = -5*d**3 + 106*d**2 - 10*d - 133. Give t(21).
98
Let m(n) = -5*n**2 + 1601*n - 17091. What is m(11)?
-85
Let a(g) = -17520*g - 647897. Give a(-37).
343
Let n(m) = -m - 270. What is n(-23)?
-247
Let x(u) = -u**3 - 316*u**2 + 8*u + 2571. Calculate x(-316).
43
Let q(i) = -29989*i + 189. What is q(0)?
189
Let k(g) = -353*g**2 - 18*g - 34. Determine k(-3).
-3157
Let m(z) = z**3 + 27*z**2 - 846*z + 1430. Give m(-46).
142
Let z(c) = 212134*c + 4454815. Determine z(-21).
1
Let d(j) = -4*j**3 - 320*j**2 + 35*j + 2762. Give d(-80).
-38
Let j(w) = 215*w**3 - 83*w**2 - 86*w - 2. Determine j(-1).
-214
Let k(h) = -3*h**3 - 433*h**2 - 132*h + 565. Determine k(-144).
-1163
Let m(z) = -251*z - 715. Calculate m(-17).
3552
Let z(w) = 13441*w - 228790. Determine z(17).
-293
Let m(c) = -47275*c + 7185791. Give m(152).
-9
Let c(z) = 442*z**2 + 288*z + 79. Determine c(-2).
1271
Let p(n) = -1222*n - 1295392. What is p(-1060)?
-72
Let n(y) = y**3 + 110*y**2 + 70*y - 4241. Give n(-109).
10
Let y(x) = 2*x**2 - 2518*x - 22854. Determine y(-9).
-30
Let h(i) = -2*i**2 - 167*i - 4478. What is h(-41)?
-993
Let w(p) = -2*p**3 + 631*p**2 - 325*p + 288. Give w(315).
-2862
Let s(g) = -278266*g - 2504356. Calculate s(-9).
38
Let u(z) = z**3 + 148*z**2 + 1396*z + 183613. Determine u(-147).
10
Let o(s) = 267736*s - 13922270. What is o(52)?
2
Let z(g) = -473*g**2 + 2808*g + 171. Determine z(6).
-9
Let f(i) = -275*i + 17654. Calculate f(70).
-1596
Let c(b) = 233*b + 4510. Determine c(-21).
-383
Let a(f) = 6*f**2 + 94*f - 714. Determine a(8).
422
Let o(r) = 2*r**2 + 131*r - 490. Determine o(-45).
-2335
Let r(z) = 19*z**2 - 157*z - 22777. Calculate r(39).
-1
Let n(t) = -1094189*t - 7659323. What is n(-7)?
0
Let b(d) = -20388*d + 62296. Calculate b(3).
1132
Let m(o) = 3*o**2 - 399*o - 2361. What is m(-6)?
141
Let n(r) = 2*r**3 - 58*r**2 - 10580*r + 332420. Calculate n(32).
4
Let o(v) = 81*v**3 + 886*v**2 - 41*v + 149. Determine o(-11).
-5
Let f(q) = -6*q - 908. Give f(-216).
388
Let j(z) = -2555*z - 11639. Determine j(-5).
1136
Let m(z) = -z**2 - 1451*z + 23. What is m(0)?
23
Let v(y) = y**2 + 23957*y - 143786. Give v(6).
-8
Let h(l) = 163*l**2 - 6837*l - 246. Calculate h(42).
132
Let h(q) = -393545*q + 12593429. Give h(32).
-11
Let p(v) = 233*v**3 + 5*v**2 + 6*v + 2. Give p(-2).
-1854
Let u(x) = -x**3 - 49*x**2 - 546*x + 976. Give u(-29).
-10
Let u(w) = 21920*w - 2235844. Give u(102).
-4
Let v(j) = j**3 + 38*j**2 - 72*j - 1062. Determine v(-39).
225
Let y(z) = -15*z**2 + 126*z + 1151. Give y(-9).
-1198
Let n(m) = 36*m**2 + 278*m - 8524. Calculate n(12).
-4
Let i(c) = -1234*c + 820608. Give i(665).
-2
Let f(p) = 22571*p + 5417037. What is f(-240)?
-3
Let s(l) = -25621*l + 10991411. Determine s(429).
2
Let j(l) = l**3 + 384*l**2 - 8950*l - 7171. What is j(-406)?
137
Let y(r) = r**2 + 1477*r - 43517. What is y(29)?
157
Let r(q) = -2*q**3 - 140*q**2 + 153*q - 9695. Calculate r(-72).
25
Let l(f) = -f**2 + 1837*f - 790588. Give l(688).
-76
Let a(s) = -s**2 + 224*s - 10059. What is a(162)?
-15
Let l(a) = -132*a - 6280. What is l(-46)?
-208
Let o(n) = n**3 - 228*n**2 + 486*n - 7742. Determine o(226).
-58
Let v(q) = -3899*q - 658965. What is v(-169)?
-34
Let i(b) = -41*b + 286. Give i(34).
-1108
Let o(j) = -67679*j + 744475. Calculate o(11).
6
Let h(d) = -64789*d + 3109865. Calculate h(48).
-7
Let v(o) = 13*o**2 - 2332*o - 37982. Calculate v(-15).
-77
Let w(r) = 47525*r + 190651. Determine w(-4).
551
Let c(b) = 23*b + 2645. What is c(-106)?
207
Let h(q) = q**3 - 16*q**2 + 35*q + 26. What is h(16)?
586
Let n(f) = -326*f + 3166. Calculate n(10).
-94
Let r(z) = -778*z + 2542. What is r(3)?
208
Let i(t) = -25*t**2 + 19679*t - 19679. Determine i(1).
-25
Let c(a) = 8*a**2 - 403*a - 1319. What is c(54)?
247
Let w(u) = 2*u**3 + 17*u**2 + 23*u + 1. Determine w(-7).
-13
Let a(x) = -x**3 - 21*x**2 - 97*x - 188. What is a(-16)?
84
Let l(x) = 2*x**3 - 154*x**2 + 302*x - 216. Give l(75).
-66
Let r(n) = -n**2 + 20*n + 2863. Calculate r(-47).
-286
Let y(o) = 1131*o + 18229. Determine y(-16).
133
Let j(r) = -9*r**3 + 64*r**2 - 32*r + 153. Give j(7).
-22
Let k(s) = s**3 - 4825*s**2 + 14467*s - 4. Determine k(3).
-1
Let v(g) = -34180*g + 854495. Give v(25).
-5
Let w(s) = -s**3 - 8*s**2 + 460*s + 4159. What is w(-9)?
100
Let d(u) = -20*u**3 + 245*u**2 - 690*u + 25. Give d(8).
-55
Let y(h) = -71*h**3 + 46290*h**2 + 1300*h + 2557. Give y(652).
-51
Let z(l) = 5291*l + 312237. Give z(-59).
68
Let x(s) = -12484*s + 2734001. Calculate x(219).
5
Let b(r) = -r**2 - 2814*r - 122148. What is b(-44)?
-268
Let v(f) = -64617*f - 193858. Calculate v(-3).
-7
Let o(y) = -7295*y + 911864. Determine o(125).
-11
Let s(k) = -18*k**2 - 1428*k - 27515. Give s(-33).
7
Let i(j) = j**2 - 95*j - 209. Determine i(98).
85
Let g(y) = 3966*y + 37930. Determine g(-9).
2236
Let k(f) = 5016893*f + 60202710. What is k(-12)?
-6
Let h(a) = 694*a - 1698. Give h(3).
384
Let i(w) = 1131*w**3 - w**2 - 17*w + 18. Calculate i(1).
1131
Let y(u) = 48883*u + 342599. Calculate y(-7).
418
Let n(l) = -l**3 + 52*l**2 - 690*l + 304. Determine n(24).
-128
Let g(a) = -2*a**3 - 33*a**2 + 61*a + 87. Calculate g(-17).
-661
Let r(v) = -68*v**2 - 365*v - 171. Give r(-8).
-1603
Let w(g) = 9*g**3 + 22*g**2 - g - 11. What is w(-2)?
7
Let q(i) = -i**3 - 20*i**2 + 22*i - 111. Give q(-22).
373
Let f(g) = -g**2 + 220*g + 6004. Give f(-25).
-121
Let f(s) = -5*s**3 - 174*s**2 + 32*s + 636. Determine f(2).
-36
Let u(p) = -44304*p - 1107545. Give u(-25).
55
Let t(u) = u**2 - 9*u - 1. What is t(-4)?
51
Let t(g) = -32*g**3 + 449*g**2 - 25*g - 28. Give t(14).
-182
Let f(z) = z**3 - 5210*z**2 + 46804*z - 43. Determine f(9).
-88
Let t(h) = 8*h**3 - 935*h**2 - 8646*h + 3. Calculate t(-9).
-3750
Let j(h) = h**3 - 6178*h**2 - 68084*h - 56. What is j(-11)?
-1
Let s(y) = -y**3 + 195*y**2 + 1803*y + 7433. Give s(204).
701
Let h(m) = -m**3 - 7*m**2 + 203*m + 763. Determine h(13).
22
Let a(u) = 6573*u - 78944. Determine a(12).
-68
Let n(y) = -y**3 - 22*y**2 - 1380*y - 20632. Calculate n(-16).
-88
Let d(q) = 45*q**3 + 31*q**2 - 148*q + 195. What is d(3)?
1245
Let k(j) = 35*j**2 - 474*j + 479. Give k(1).
40
Let m(x) = -340*x + 35583. Give m(104).
223
Let q(f) = 74878*f - 748795. What is q(10)?
-15
Let r(u) = 13719*u + 68603. Determine r(-5).
8
Let z(r) = -426890*r - 5122671. What is z(-12)?
9
Let y(g) = -19*g**3 + 1595*g**2 + 86*g - 254. What is y(84)?
-86
Let r(x) = -1477261*x + 4431791. Determine r(3).
8
Let c(j) = -5*j**2 - 3*j + 113. Calculate c(29).
-4179
Let n(a) = a**3 + 200*a**2 + 573*a - 1835. Determine n(-197).
1711
Let q(i) = 13*i**3 - 298*i**2 - 33*i - 45. What is q(23)?
-275
Let c(h) = -h**2 - 104534*h - 2194781. Calculate c(-21).
-8
Let t(r) = 2*r**2 + 135*r + 1105. Give t(-59).
102
Let n(s) = s**3 - 153*s**2 - 483*s - 22792. Determine n(157).
-27
Let b(p) = 2*p**2 - 4196*p - 669591. Determine b(-149).
15
Let c(i) = 7935*i + 119365. Calculate c(-15).
340
Let o(a) = 5*a**2 - 601*a - 65010. Give o(189).
6
Let i(r) = -r**3 + 153*r**2 - 372*r - 11715. Calculate i(150).
-15
Let v(u) = -194286*u - 582874. Calculate v(-3).
-16
Let r(s) = 27